(z)?
8
Let l = 169 + -166. Suppose z - 5*z - 338 = -3*u, -l*z - 446 = -4*u. What is the tens digit of u?
1
Let u = 314 - 188. What is the units digit of 3/5 + u/(-35) - -54?
1
What is the units digit of (-6)/7 - 943839/(-189)?
3
Suppose -8*m + 6*m = -z, 5*z + m = 0. What is the units digit of -111*((-15)/9 - z)?
5
Let q(h) = -10*h - 22. What is the units digit of q(-18)?
8
Let z(h) = -h**3 - 4*h**2 + 5*h + 9. Let c be z(-4). Let j = -18 - -36. Let w = j + c. What is the units digit of w?
7
Let s = 9 - 7. Suppose 3 - 15 = -s*m. Suppose 2 = 2*v - m. What is the units digit of v?
4
Suppose -8 + 0 = -4*b. What is the units digit of -1 - (b - (4 - -54))?
5
Let q be (-17 + 1)*-1*6. Let x = 295 - q. What is the tens digit of x?
9
Suppose 0 = -5*u + 3*t + 22155, -883 = 2*u - t - 9746. What is the hundreds digit of u?
4
Suppose -182*f = -171*f - 42735. What is the units digit of f?
5
Let b(g) = g**3 + 57*g**2 - 59*g + 39. What is the hundreds digit of b(-57)?
4
Let g(l) = 36*l**2 - 36*l - 27. What is the tens digit of g(-8)?
6
Let g = 404 + 450. What is the hundreds digit of g?
8
Suppose -27384 = -9*r - 2103. What is the hundreds digit of r?
8
Let p = -12 + 30. Suppose -2*w - w = -p. What is the units digit of w?
6
Let d be (-366)/8 - 1/4. Let h be 724/(-28) - 3/21. Let q = h - d. What is the tens digit of q?
2
Let y(c) = c**3 - 6*c**2 - 23*c + 83. What is the hundreds digit of y(13)?
9
Suppose 0 = -4*f + f + 15. Let w be 19/4 + (-8)/(-32). Suppose 0 = w*v - f*i + 60 - 200, 3*v = 2*i + 84. What is the units digit of v?
8
Suppose -7*d = -6*d - 6. Let b(c) = 1 + 5*c + 2*c**2 - 3*c - 3*c - c**2. What is the units digit of b(d)?
1
Let f(i) = -1371*i + 70. What is the tens digit of f(-1)?
4
Let d(g) = 11*g - 3. Let t be d(5). Suppose 4*v = -v - 10, 2*i = 4*v + t. What is the units digit of (-4)/(-6)*1287/i?
9
Let r = 21 + -21. Suppose -2*o - 5*x = -194, r*o - 5*o + 485 = x. What is the tens digit of o?
9
Let h = 7 - 5. Let z be h/(-6) + (-25)/(-3). Suppose -3*g = -z*g + 140. What is the units digit of g?
8
Suppose -d - 3*v = -4*d - 1671, d = -v - 563. Let b = d + 826. What is the tens digit of b?
6
Suppose -43*j + 5*r + 4996 = -40*j, 0 = j - 4*r - 1663. What is the hundreds digit of j?
6
Suppose 3*b + 3*c + 3 = 0, 2*b - 35 = -3*b + 5*c. Let u(m) = -10 + m**2 + 16 - b*m - 8. What is the tens digit of u(8)?
3
Suppose -4*z = 5*t - 0 - 10, 2*z - 4*t = -8. Suppose z = -6*n + 4*n + 16. What is the units digit of n?
8
Let i = -4 + 4. Suppose m = 3*v + 710, i*v + 3*m = -v - 230. What is the units digit of 6/(-14) + v/(-28)?
8
Let y = -449 + 1379. What is the tens digit of y?
3
Let x(l) = -5*l**2 + 2*l**2 + 5*l**2 - 5*l - l**2. Let r be x(4). Let v(k) = -4*k + 8. What is the tens digit of v(r)?
2
Suppose 9*y + 4*h - 2244 = 5*y, y - h - 557 = 0. What is the tens digit of y?
5
Let u = -537 - -932. What is the units digit of u?
5
Suppose -28*g + 11661 = -24*g + 5*n, 2*g + 4*n = 5838. What is the hundreds digit of g?
9
Let c be (-16)/4 - (-2 - 1). Suppose 0 + 2 = 2*b. What is the units digit of b - (c - -1)/1?
1
Suppose 628 - 145 = a + 4*m, 0 = 2*a + 3*m - 941. What is the units digit of a?
3
What is the hundreds digit of (223 - 0) + (-3 - -6)?
2
Let w be -2*-3*(-3)/(-18). Suppose -4*z + 2*h + 4 = 12, 8 = -4*z - 4*h. Let x = w - z. What is the units digit of x?
3
What is the units digit of ((-8)/(-36) + (-2093)/9)*-3?
7
Suppose -2*s - 2*v + 494 = 0, 5*s - 4*v - 271 = 973. Suppose -3*z + 50 = b - 31, 3*b = -4*z + s. What is the tens digit of b?
8
Suppose 4*h - 13 = -5*x, -4*h + 3 = -x - 4. Suppose 5*s = -2*u - 38 + 213, 2*s - 84 = h*u. Let f = s - 17. What is the tens digit of f?
2
Suppose -43*g - 400 = -47*g. What is the hundreds digit of 0/(8 - 4) + g?
1
Let s = 3212 - 2018. What is the tens digit of s?
9
Suppose -o - 27 = 2*o. Let v(f) = -f**2 - 10*f - 5. Let m be v(o). Suppose -24 - m = -4*w. What is the units digit of w?
7
Let b be -1 + 6*(-1 - 236/8). What is the tens digit of 3 + b/6*-6 - -3?
9
Suppose 2*t = 2*m - 1460, 7*m - 11*m - 2*t = -2926. What is the tens digit of m?
3
Let d(n) = -18*n - 2. Let a be d(5). Let v = -49 - a. What is the units digit of v?
3
Let y be (7/(-84)*10)/((-1)/6). Suppose -f + 115 + 24 = -2*n, -4*n - 719 = -y*f. What is the hundreds digit of f?
1
Let h = -10 - -22. Let x(j) = -8*j - j**3 + 12*j + 3*j**2 - h - 12 + 15*j**2. What is the tens digit of x(18)?
4
Let f(k) = 3*k**3 - 3*k**2 - 3*k - 4. What is the hundreds digit of f(6)?
5
Let h(t) = 2*t**2 - 7*t - 3. Let y(r) = r**2 - 8*r + 4. Let f be y(6). Let k = 14 + f. What is the units digit of h(k)?
7
Let z be (6/(-8))/(1/(-4)). Suppose x = z + 2. Suppose 2*q = 2*r + 26, 3*q + r - 41 = x*r. What is the units digit of q?
1
Suppose -12*k - 6984 = -20*k. What is the hundreds digit of k?
8
Suppose z = 4*z - 18. Suppose 9*h - z*h = 0. Suppose 0 = o - h*o - 19. What is the tens digit of o?
1
Suppose -2*v - 2188 = -5*c - 3*v, -4*v = 3*c - 1323. What is the hundreds digit of c?
4
Let w = 49 - -363. What is the tens digit of w?
1
Suppose -6*i - 58 = -i - 4*x, -2*i - 4*x - 12 = 0. Let c = i - -105. What is the tens digit of c?
9
Let g(b) = b**3 + 13*b**2 + 8*b + 15. Suppose -c - m + 6 = 20, 5*c + 68 = -4*m. What is the tens digit of g(c)?
6
Let r = 53 + -37. Suppose f + r = 58. What is the tens digit of f?
4
Let c(k) = -4*k**3 + k**2 - 2*k + 1. Let p be c(1). Let q = p + 1. Let n(l) = -5*l + 4. What is the tens digit of n(q)?
1
Suppose -943*l + 935*l = -4048. What is the units digit of l?
6
Suppose -2200 - 13199 = -59*n. What is the units digit of n?
1
Let o = -1063 - -2157. What is the thousands digit of o?
1
Suppose -950*k - 8476 = -963*k. What is the tens digit of k?
5
Suppose 5*c - 1 + 6 = 0. What is the tens digit of c + -1 + -1 + 88?
8
Suppose u + h - 19 = 0, 0 = 4*u - 0*u - h - 71. Suppose 5*t - 53 = 3*k, 5*k + t + 51 = -0*t. Let r = k + u. What is the units digit of r?
7
Let o = 46 - -7. Suppose 3*c - 196 = o. What is the units digit of c?
3
Let a be (0 + -2)*(-125 + 0). Let s = a + -62. Suppose p + 4*k - 30 = 0, k = 2*p - 7*p + s. What is the tens digit of p?
3
Suppose 0*w - 45 = -3*w. Suppose 2*y - w = -y. Suppose -y*m = -0*m - 10. What is the units digit of m?
2
Let a(f) = 2*f**3 - 3*f**2 - f + 381. What is the hundreds digit of a(0)?
3
Suppose 0 = -4*f - 2*f - 534. Let d = f + 152. What is the units digit of d?
3
Let a = 61 - 30. Suppose 7*v - 4 = a. Suppose -160 = -v*d - 3*r, 0 = 3*r - 2*r. What is the tens digit of d?
3
Suppose 10 + 10 = 4*v. Suppose -4 = v*g + 6. What is the units digit of (6/(-2))/(1 + g)?
3
Let q = 447 - -93. What is the tens digit of q?
4
Let z(x) = x**3 + 12*x**2 + 7*x - 13. Suppose -7*n + 5*n = 22. Let s be z(n). Suppose -i = 2*g - s, -3*g + i + 30 = -4. What is the tens digit of g?
1
What is the units digit of -15 + (8 - 1) - -2033?
5
Let w = 99 + 111. Suppose -t - w + 321 = 0. What is the units digit of t?
1
Let m(u) = 4*u + 16. Let h(g) = -g - 3. Let v(d) = 11*h(d) + 2*m(d). Let w be v(-1). Suppose 0 = -5*c + 3*a + 91, -8 = w*a + 2*a. What is the units digit of c?
7
Let a = -15 + 13. Let x(n) = 3*n**2 - 2*n - 1. Let b be x(a). Suppose 0 = 2*o + 3*o - b. What is the units digit of o?
3
Let w(a) = a**3 + 9*a**2 - 9*a + 14. Let q be w(-10). Suppose -b = -q*b + 102. What is the tens digit of b?
3
Let b = 20 - 16. Suppose -b*p = -7*p + 120. What is the units digit of p?
0
Let g(d) = -d**3 - 11*d**2 - 7*d - 13. Let u be g(11). Let l = u + 1384. What is the units digit of 4/14 + l/(-63)?
2
Suppose -4*b = -4*g - 12, -2*g = 2*g + 2*b - 6. Suppose g = -4*s + 9*s - 400. What is the units digit of s?
0
What is the units digit of 3 + 54 + 7 + -10?
4
Let s(d) = d**3 - 6*d**2 + 4*d + 6. Let r(v) = -v**3 + 2*v**2 + 2*v + 1. Let t be r(-1). Suppose 2*a - 20 = -t*a. What is the units digit of s(a)?
1
Suppose 8*f - 3*f = 10. Suppose -4*n + 3*i = -312, -f*i - 238 = -4*n + 74. Let c = 112 - n. What is the tens digit of c?
3
Let t(m) = -2*m - 7. Let r(x) = -x - 6. Let q(p) = -3*r(p) + 2*t(p). Let z be q(-4). Let s = z + -1. What is the units digit of s?
7
Let z = -394 + 434. Suppose 2*q - 9 = 1. Suppose 19 = 2*p - 5*t, -q*p + t = -4*t - z. What is the units digit of p?
7
Let d(a) = -a**3 - 5*a**2 - a - 3. Let w be d(-5). Suppose -w - 162 = -4*n. What is the units digit of n